 Let q(y) = -3*y + 13. Let c(r) = g*q(r) - 4*o(r). What is the units digit of c(-6)?
7
Suppose 4*z = 541 + 103. Suppose 0 = -40*b + 45*b - 25. Suppose b*g + 0*p - z = -p, -3*p = -g + 45. What is the tens digit of g?
3
Suppose m + 253 = 847. What is the tens digit of m?
9
Suppose -2*k + 3*f = f - 452, -2*f + 1109 = 5*k. Let j = k + -93. What is the hundreds digit of j?
1
Let m(j) = -j**3 - 6*j**2 - 7*j + 2. Suppose -8 = 4*x, -3*x - 11 = k - 0*k. Let g be m(k). Suppose i = 3*i - g. What is the units digit of i?
6
Let i(z) = z**3 - 8*z**2 - 8*z + 17. Let f be i(9). Suppose 0 = -2*t + 20 + f. What is the units digit of t?
3
Suppose s + 10 = u, -2*s = 2*s + 20. Suppose -u*k = -25, -2*k - 3*k + 185 = 2*l. What is the tens digit of l?
8
Suppose 0 = -2*b + 94 + 130. Let w = b - 96. What is the tens digit of w?
1
Suppose -68*v = -66*v - 2696. What is the units digit of v?
8
Let x(s) = 5*s**3 - 2*s + 1. Suppose -5*u + 6 = 1. Let c be x(u). What is the units digit of ((-50)/c)/(8/(-16))?
5
Let f = 745 + -467. What is the units digit of f?
8
Let v be (-62)/(-10) - (-4)/(-20). What is the units digit of (-28)/(-8) - (-3)/v?
4
Suppose -3*j - 9 = 0, 0*j = 5*r + j - 4197. Suppose -16 = 3*c - 1, -5*q + r = -5*c. What is the units digit of q?
3
Suppose -14*s = -21*s + 4466. What is the units digit of s?
8
Suppose -13*s + 894 = -11*s. What is the tens digit of s?
4
Suppose 3*t - 35 = 2*t. Suppose -5*l + t = 2*i, l = 2*l - i. Suppose 0 = -l*n + 59 + 106. What is the units digit of n?
3
Suppose n + 7 = -5*p + 112, -477 = -4*n - p. What is the units digit of n?
0
Let k be (-496)/(-12)*(4 - 1). Suppose 12*y = 7*y + 20. Suppose 0 = 2*h - 2*j + j - 47, 0 = -y*h - 4*j + k. What is the tens digit of h?
2
Suppose 0 = -2*f + x + 39 + 49, -f + 4*x = -44. Suppose c + 5*h + 3 = -1, 4*c - f = -5*h. What is the units digit of c?
6
Let i = -2523 - -3556. What is the hundreds digit of i?
0
Let f(g) be the second derivative of g**3/6 - g**2 + 11*g. What is the units digit of f(9)?
7
Let i = 22 + -20. Suppose -3*o + u + 189 = 0, -3*o - u + 67 = -i*o. What is the tens digit of o?
6
Let d = 35 + -34. What is the units digit of (-156 + -8)*((-1)/(-2) - d)?
2
Suppose -3*w + 36 = 3*o, 0 = -2*o - 0 + 2. Suppose c - 5 = 4*b, b + c = -2*c - w. Let k(x) = x**2 - 2*x - 1. What is the units digit of k(b)?
7
Let g be 18/4*(-164)/(-6). Let a(h) = -h**3 - 14*h**2 + 14*h - 4. Let n be a(-15). Suppose n = -4*l + g. What is the tens digit of l?
2
Let g(x) = 2*x**2 + 11*x - 3. Let v(u) = 5*u**2 + 23*u - 7. Let z(b) = -9*g(b) + 4*v(b). Let o be z(5). Let k = 42 - o. What is the tens digit of k?
2
What is the units digit of (255/10)/((-21)/(-322))?
1
Let m(s) = s**3 - 6*s**2 + 22*s + 40. What is the tens digit of m(13)?
0
Suppose a + 2*l = 1470 + 82, 0 = 5*a - l - 7782. What is the tens digit of a?
5
Let h = 106 - 62. Let t = h + -17. What is the tens digit of t?
2
Let d = 157 - 155. What is the units digit of d?
2
Let p(r) = -r**2 + 4*r + 7. Let n be p(6). Let m(d) = -10*d + 9. What is the units digit of m(n)?
9
Let v be 375/(-25)*2/2. What is the units digit of (-6)/v - 2004/(-15)?
4
Let v be 8 + (1 - (-2 - -5)). Suppose -q + v = -4*q, -u - 2*q = 15. Let t(r) = -2*r - 2. What is the tens digit of t(u)?
2
Let g(a) = -4*a. Let p(m) = -4*m. Let k be p(2). Let z = k - -5. What is the tens digit of g(z)?
1
Let v = 41 - 25. Suppose 3*b - v*b + 559 = 0. What is the units digit of b?
3
Let m(s) = -4*s**2 + 90*s - 29. What is the units digit of m(17)?
5
Let y(k) = 29*k - 3 + 2 - 3. Let d be y(3). Suppose -4*w + 53 + d = 0. What is the tens digit of w?
3
Suppose -9*a = -3*a + 30. Let j be (a - -11) + (-4 - -1). Suppose -3*d - j*d = -138. What is the units digit of d?
3
Suppose -2*u + 6 + 6 = 0. Let c be u*((-4)/(-12) - 1). Let b = c + 14. What is the units digit of b?
0
Let u(h) = -h + 1. Suppose -2*k - 3*p - 7 = 3, -4*k - 28 = 4*p. Let q(i) = -4*i + 6. Let z(w) = k*u(w) + 2*q(w). What is the tens digit of z(8)?
2
What is the thousands digit of 25/(-10) + 19928/16?
1
Let r = -502 - -1086. Suppose -239 = 5*s - r. What is the tens digit of s?
6
Let o(y) = y**2 + 14*y + 3. Let r be o(-14). Suppose 3 + r = 3*g. Suppose 73 = g*b + i + 4*i, 3*i = 9. What is the tens digit of b?
2
Let k(f) = -3 - 10*f - 8*f + 8. Let s be k(-3). Let b = -25 + s. What is the units digit of b?
4
Let y = 195 - 186. What is the units digit of y?
9
Suppose -153 = 3*i - 762. Suppose -28 = -2*n + 14. Suppose 0 = 5*j - 1 + n, i = 3*a + j. What is the tens digit of a?
6
Let g(z) = 42*z**2 + 2*z + 30. Let f be g(-4). Let w = -415 + f. What is the tens digit of w?
7
Suppose 12*j = 167 + 10261. What is the hundreds digit of j?
8
Suppose 0 = 10*u - 14499 - 16591. What is the units digit of u?
9
Let u = -19 + 11. Let g(f) = f**2 - 6*f + 8. Let x be g(u). Suppose 0 = -2*c - c + x. What is the units digit of c?
0
Let j be (-11 - -1)/(-5)*62/(-4). Let k(a) = -a**3 - 31*a**2 - 4*a + 7. What is the units digit of k(j)?
1
Let c(v) = 92*v**2 - 28*v - 123. What is the units digit of c(-4)?
1
Suppose 20 = -5*p - 5*v, v - 12 = 5*v. What is the hundreds digit of 32/(-24) + p/(-3) + 169?
1
Let x(j) be the first derivative of j**3/3 - j**2/2 - 3*j - 9. Let h be x(6). Suppose -2*u - h = -71. What is the tens digit of u?
2
Suppose -4*p + 109 = -5*o, 5*o + 2*p + 92 = -11. Let z = o - -59. What is the tens digit of z?
3
Let r = -11 + 9. Let q = r - -18. Let c = q + -11. What is the units digit of c?
5
Suppose 3*h - 1104 = -2*m + 4*m, 2*h + m - 729 = 0. What is the tens digit of h?
6
Let l be (-6)/33 + (0 - 4/(-22)). What is the hundreds digit of -1 - (l - 3) - -171?
1
What is the tens digit of (-2*1)/(4216/264 + -16)?
6
Let w(m) = 3*m**2 - 14*m + 172. Let d(c) = c**2 - 5*c + 57. Let o(p) = -8*d(p) + 3*w(p). Let l be o(0). Suppose 0 = -3*q + l. What is the units digit of q?
0
Suppose -321*v + 327*v - 6216 = 0. What is the hundreds digit of v?
0
Suppose 4*d = -2*h + 590, -343 - 533 = -3*h + 3*d. Suppose z - h = -3*v, -2*v + 499 = 3*v - z. What is the tens digit of v?
9
Suppose n - 2948 = 9*v - 7*v, 0 = 3*n - 2*v - 8860. What is the hundreds digit of n?
9
Let h = -690 - -1350. What is the hundreds digit of h?
6
Let f = -1 - -4. Let m(d) = 3*d**2 - 3*d. Let p be m(f). Suppose p = 2*t - 62. What is the units digit of t?
0
Let u(t) = 212*t - 189. What is the thousands digit of u(6)?
1
Let a be (84/(-15))/(5/(-25)). Let i = a + -13. What is the units digit of i?
5
Let l(w) = -w + 7. Let i be l(0). Let t be (-9)/i + 4/14. What is the units digit of (-3 - 1)/(t/2)?
8
Let s(w) = -19*w + 6. Let i(z) = -z**3 - 8*z**2 + z + 3. Let h be i(-8). What is the hundreds digit of s(h)?
1
Let k = 2205 + 76. What is the hundreds digit of k?
2
Let m(c) = -c + 7. Suppose 0 = -4*h + n + 15, 2*h + 2 = 3*n - 3. Let j be m(h). What is the units digit of (-5)/j*(-30)/25?
3
Let f be 3/5 + (-432)/(-80). Suppose 0*s = -f*s + 672. What is the hundreds digit of s?
1
Let o = 34 + -35. Let i be 1/(o/(-67)) + 1. Suppose -5*c + i + 222 = 0. What is the tens digit of c?
5
Suppose 163 = -3*t - 4*c, 3*t + t - 2*c + 210 = 0. Let w = -38 - t. What is the tens digit of w?
1
Let m be 2219/63 - 4/18. Suppose 0 = -5*k + 4*h + 94 + 165, -k + 5*h = -m. What is the units digit of k?
5
Let y(z) = 6*z**2 + 17*z - 14. What is the thousands digit of y(14)?
1
What is the hundreds digit of ((-9894)/4)/(-3) - 5/(-10)?
8
Suppose 4*g + 3*j + 2*j - 176 = 0, 5*g - 207 = -3*j. What is the tens digit of g - (-6)/(1 - -2)?
4
Let n(a) = 4*a**2 + 28*a + 253. What is the hundreds digit of n(-21)?
4
What is the tens digit of 9 + 4160/(-8)*-10?
0
What is the units digit of (-22)/11 + (4442 - (1 + -5))?
4
Suppose -2*u - 6859 = -5*d, -u = -2 - 1. What is the units digit of d?
3
Suppose 0 = 6*k + k + 21. What is the units digit of (2 - (-13)/(-5))/(k/285)?
7
Let o = 15 + -12. Let z(h) = 2*h**2 - 8*h + 9. Let w(q) = 4*q**2 - 17*q + 17. Let u(v) = o*w(v) - 5*z(v). What is the tens digit of u(7)?
2
Let f = -8 + 98. Let y = 135 - f. What is the tens digit of y?
4
Let r be (-204 - -4)/(-4) - -3. Suppose 5*n - 80 = 4*i, -4*n + r = -0*i - i. Let y = n + 58. What is the units digit of y?
0
Suppose -23*l + 42848 = 3*l. What is the thousands digit of l?
1
Let k be 51 - -1 - (0 - 0)/(-1). Let c = 182 - k. What is the units digit of c?
0
Let